15 is divided by 743.
739
Calculate the remainder when 24801 is divided by 516.
33
Calculate the remainder when 214845 is divided by 3580.
45
What is the remainder when 4861 is divided by 1254?
1099
Calculate the remainder when 120474 is divided by 81.
27
Calculate the remainder when 18743 is divided by 7.
4
What is the remainder when 135792 is divided by 16967?
56
Calculate the remainder when 4069 is divided by 241.
213
What is the remainder when 45505 is divided by 11?
9
Calculate the remainder when 2588 is divided by 1728.
860
Calculate the remainder when 5166 is divided by 350.
266
Calculate the remainder when 5973 is divided by 2822.
329
Calculate the remainder when 190030 is divided by 27145.
15
Calculate the remainder when 31166 is divided by 1418.
1388
Calculate the remainder when 7522 is divided by 18.
16
Calculate the remainder when 75043 is divided by 469.
3
What is the remainder when 1167 is divided by 76?
27
Calculate the remainder when 97023 is divided by 13860.
3
What is the remainder when 377690 is divided by 82?
80
Calculate the remainder when 4682 is divided by 2238.
206
Calculate the remainder when 200 is divided by 187.
13
Calculate the remainder when 17671 is divided by 129.
127
What is the remainder when 112816 is divided by 71?
68
Calculate the remainder when 100261 is divided by 159.
91
Calculate the remainder when 4164 is divided by 24.
12
What is the remainder when 3205 is divided by 1443?
319
Calculate the remainder when 39190 is divided by 2434.
246
What is the remainder when 441618 is divided by 299?
294
What is the remainder when 78177 is divided by 26053?
18
Calculate the remainder when 5413 is divided by 319.
309
Calculate the remainder when 94689 is divided by 739.
97
What is the remainder when 100781 is divided by 227?
220
What is the remainder when 5098 is divided by 10?
8
What is the remainder when 97390 is divided by 337?
334
Calculate the remainder when 1150 is divided by 300.
250
Calculate the remainder when 192891 is divided by 64287.
30
Calculate the remainder when 773724 is divided by 35169.
6
Calculate the remainder when 5920 is divided by 1946.
82
Calculate the remainder when 9023 is divided by 1066.
495
What is the remainder when 17505 is divided by 23?
2
Calculate the remainder when 1261 is divided by 35.
1
Calculate the remainder when 1308 is divided by 229.
163
What is the remainder when 9567 is divided by 38?
29
Calculate the remainder when 49897 is divided by 108.
1
What is the remainder when 174583 is divided by 209?
68
Calculate the remainder when 55935 is divided by 554.
535
What is the remainder when 8325 is divided by 347?
344
What is the remainder when 4179 is divided by 1044?
3
What is the remainder when 2605951 is divided by 26?
23
What is the remainder when 3912 is divided by 781?
7
What is the remainder when 658026 is divided by 16?
10
Calculate the remainder when 98878 is divided by 49.
45
Calculate the remainder when 28852 is divided by 462.
208
Calculate the remainder when 20554 is divided by 388.
378
Calculate the remainder when 5862 is divided by 376.
222
Calculate the remainder when 15517 is divided by 674.
15
Calculate the remainder when 7529 is divided by 3341.
847
Calculate the remainder when 146124 is divided by 8.
4
Calculate the remainder when 4082 is divided by 699.
587
Calculate the remainder when 145417 is divided by 146.
1
Calculate the remainder when 5410 is divided by 186.
16
What is the remainder when 66742 is divided by 33366?
10
Calculate the remainder when 247523 is divided by 87.
8
Calculate the remainder when 6622 is divided by 132.
22
What is the remainder when 6214 is divided by 1236?
34
What is the remainder when 17718 is divided by 169?
142
What is the remainder when 603 is divided by 190?
33
What is the remainder when 317368 is divided by 44?
40
Calculate the remainder when 6520 is divided by 22.
8
Calculate the remainder when 2041 is divided by 336.
25
Calculate the remainder when 1661 is divided by 204.
29
What is the remainder when 787051 is divided by 37?
24
Calculate the remainder when 1246 is divided by 355.
181
Calculate the remainder when 9258 is divided by 514.
6
Calculate the remainder when 4050 is divided by 156.
150
What is the remainder when 1958 is divided by 294?
194
What is the remainder when 5983 is divided by 1196?
3
Calculate the remainder when 18973 is divided by 8.
5
Calculate the remainder when 29360 is divided by 1485.
1145
What is the remainder when 97857 is divided by 1179?
0
Calculate the remainder when 18196 is divided by 487.
177
Calculate the remainder when 19881 is divided by 9940.
1
What is the remainder when 32278 is divided by 8?
6
What is the remainder when 25488 is divided by 944?
0
Calculate the remainder when 494325 is divided by 42.
27
What is the remainder when 559545 is divided by 198?
195
What is the remainder when 27209 is divided by 4335?
1199
What is the remainder when 6326 is divided by 2047?
185
What is the remainder when 9624 is divided by 332?
328
Calculate the remainder when 19209 is divided by 60.
9
What is the remainder when 32301 is divided by 32181?
120
Calculate the remainder when 72595 is divided by 24079.
358
What is the remainder when 4240 is divided by 124?
24
What is the remainder when 19437 is divided by 19433?
4
Calculate the remainder when 49559 is divided by 236.
235
What is the remainder when 6716 is divided by 1676?
12
Calculate the remainder when 1861 is divided by 350.
111
What is the remainder when 3567375 is divided by 29?
27
What is the remainder when 8612 is divided by 120?
92
Calculate the remainder when 315 is divided by 89.
48
What is the remainder when 346878 is divided by 331?
321
What is the remainder when 4889 is divided by 836?
709
Calculate the remainder when 92647 is divided by 5447.
48
What is the remainder when 944 is divided by 86?
84
Calculate the remainder when 61973 is divided by 20655.
8
What is the remainder when 29999 is divided by 270?
29
What is the remainder when 9391 is divided by 21?
4
What is the remainder when 3558 is divided by 940?
738
What is the remainder when 1653 is divided by 751?
151
Calculate the remainder when 16038 is divided by 1001.
22
What is the remainder when 18781 is divided by 3?
1
What is the remainder when 4080 is divided by 869?
604
Calculate the remainder when 58577 is divided by 260.
77
Calculate the remainder when 37199 is divided by 3.
2
What is the remainder when 17092 is divided by 196?
40
What is the remainder when 48511 is divided by 14?
1
What is the remainder when 1882 is divided by 133?
20
What is the remainder when 18083 is divided by 6?
5
Calculate the remainder when 37813 is divided by 87.
55
Calculate the remainder when 50458 is divided by 435.
433
What is the remainder when 2934 is divided by 976?
6
Calculate the remainder when 5799 is divided by 1925.
24
What is the remainder when 450022 is divided by 53?
52
Calculate the remainder when 92901 is divided by 285.
276
Calculate the remainder when 165821 is divided by 20.
1
What is the remainder when 9512 is divided by 528?
8
Calculate the remainder when 524 is divided by 257.
10
What is the remainder when 165285 is divided by 24?
21
Calculate the remainder when 34092 is divided by 1630.
1492
Calculate the remainder when 21362 is divided by 6.
2
Calculate the remainder when 199557 is divided by 40.
37
Calculate the remainder when 13884 is divided by 634.
570
What is the remainder when 11153 is divided by 6?
5
Calculate the remainder when 95688 is divided by 35.
33
Calculate the remainder when 19859 is divided by 231.
224
What is the remainder when 7477 is divided by 40?
37
What is the remainder when 7152 is divided by 405?
267
Calculate the remainder when 3289 is divided by 412.
405
What is the remainder when 8714 is divided by 4276?
162
Calculate the remainder when 1926 is divided by 39.
15
Calculate the remainder when 11090 is divided by 12.
2
What is the remainder when 26789 is divided by 1217?
15
Calculate the remainder when 368532 is divided by 184261.
10
Calculate the remainder when 311309 is divided by 143.
141
Calculate the remainder when 434346 is divided by 27.
24
What is the remainder when 28688 is divided by 9550?
38
Calculate the remainder when 20232 is divide